{"id":552,"date":"2016-07-17T11:59:09","date_gmt":"2016-07-17T11:59:09","guid":{"rendered":"http:\/\/fonteverde.wispeltech.com\/de\/?page_id=552"},"modified":"2020-11-14T12:02:37","modified_gmt":"2020-11-14T10:02:37","slug":"iniziative","status":"publish","type":"page","link":"https:\/\/fonteverde.com\/de\/iniziative\/","title":{"rendered":"Initiativen"},"content":{"rendered":"<h1><img loading=\"lazy\" class=\"wp-image-947 aligncenter\" src=\"https:\/\/fonteverde.com\/wp-content\/uploads\/2016\/07\/banner-300x33.gif\" alt=\"\" width=\"427\" height=\"47\" srcset=\"https:\/\/fonteverde.com\/wp-content\/uploads\/2016\/07\/banner-300x33.gif 300w, https:\/\/fonteverde.com\/wp-content\/uploads\/2016\/07\/banner-768x85.gif 768w\" sizes=\"(max-width: 427px) 85vw, 427px\" \/><\/h1>\n<p><img loading=\"lazy\" class=\"wp-image-815 aligncenter\" src=\"https:\/\/fonteverde.com\/wp-content\/uploads\/2018\/02\/Fidal-300x200.jpg\" alt=\"\" width=\"197\" height=\"131\" srcset=\"https:\/\/fonteverde.com\/wp-content\/uploads\/2018\/02\/Fidal-300x200.jpg 300w, https:\/\/fonteverde.com\/wp-content\/uploads\/2018\/02\/Fidal-768x512.jpg 768w, https:\/\/fonteverde.com\/wp-content\/uploads\/2018\/02\/Fidal-1024x682.jpg 1024w, https:\/\/fonteverde.com\/wp-content\/uploads\/2018\/02\/Fidal-1200x800.jpg 1200w, https:\/\/fonteverde.com\/wp-content\/uploads\/2018\/02\/Fidal.jpg 1772w\" sizes=\"(max-width: 197px) 85vw, 197px\" \/><\/p>\n<h1 style=\"text-align: center;\">Sicherheitsma\u00dfnahmen zur Bek\u00e4mpfung des Corona-Virus. An erster Stelle gilt es die Gesundheit der Angestellten zu gew\u00e4hrleisten.<\/h1>\n<p><img loading=\"lazy\" class=\"alignnone size-medium wp-image-984\" src=\"https:\/\/fonteverde.com\/wp-content\/uploads\/2016\/07\/misure-covid-19-300x225.jpg\" alt=\"\" width=\"300\" height=\"225\" srcset=\"https:\/\/fonteverde.com\/wp-content\/uploads\/2016\/07\/misure-covid-19-300x225.jpg 300w, https:\/\/fonteverde.com\/wp-content\/uploads\/2016\/07\/misure-covid-19-768x576.jpg 768w, https:\/\/fonteverde.com\/wp-content\/uploads\/2016\/07\/misure-covid-19.jpg 1024w\" sizes=\"(max-width: 300px) 85vw, 300px\" \/><img loading=\"lazy\" class=\"size-medium wp-image-985 alignright\" src=\"https:\/\/fonteverde.com\/wp-content\/uploads\/2016\/07\/misure-precauz.-covid-19-300x225.jpg\" alt=\"\" width=\"300\" height=\"225\" srcset=\"https:\/\/fonteverde.com\/wp-content\/uploads\/2016\/07\/misure-precauz.-covid-19-300x225.jpg 300w, https:\/\/fonteverde.com\/wp-content\/uploads\/2016\/07\/misure-precauz.-covid-19-768x576.jpg 768w, https:\/\/fonteverde.com\/wp-content\/uploads\/2016\/07\/misure-precauz.-covid-19.jpg 1024w\" sizes=\"(max-width: 300px) 85vw, 300px\" \/><\/p>\n<p><img loading=\"lazy\" class=\"size-medium wp-image-1026 alignleft\" src=\"https:\/\/fonteverde.com\/wp-content\/uploads\/2016\/07\/PHOTO-2020-11-13-16-27-181-300x225.jpg\" alt=\"\" width=\"300\" height=\"225\" srcset=\"https:\/\/fonteverde.com\/wp-content\/uploads\/2016\/07\/PHOTO-2020-11-13-16-27-181-300x225.jpg 300w, https:\/\/fonteverde.com\/wp-content\/uploads\/2016\/07\/PHOTO-2020-11-13-16-27-181-768x576.jpg 768w, https:\/\/fonteverde.com\/wp-content\/uploads\/2016\/07\/PHOTO-2020-11-13-16-27-181.jpg 1024w\" sizes=\"(max-width: 300px) 85vw, 300px\" \/><img loading=\"lazy\" class=\"size-medium wp-image-1027 alignright\" src=\"https:\/\/fonteverde.com\/wp-content\/uploads\/2016\/07\/PHOTO-2020-11-13-16-27-19-300x243.jpg\" alt=\"\" width=\"300\" height=\"243\" srcset=\"https:\/\/fonteverde.com\/wp-content\/uploads\/2016\/07\/PHOTO-2020-11-13-16-27-19-300x243.jpg 300w, https:\/\/fonteverde.com\/wp-content\/uploads\/2016\/07\/PHOTO-2020-11-13-16-27-19-768x622.jpg 768w, https:\/\/fonteverde.com\/wp-content\/uploads\/2016\/07\/PHOTO-2020-11-13-16-27-19.jpg 860w\" sizes=\"(max-width: 300px) 85vw, 300px\" \/><\/p>\n<h1 style=\"text-align: center;\"><a href=\"https:\/\/fonteverde.com\/wp-content\/uploads\/2016\/07\/Dankschreiben-f\u00fcr-den-Einsatz-in-der-Coronavirus-Krise.pdf\">LIDL &#8211; Dankschreiben f\u00fcr den Einsatz in der Coronavirus-Krise<\/a><\/h1>\n<p><img loading=\"lazy\" class=\"alignnone size-medium wp-image-978\" src=\"https:\/\/fonteverde.com\/wp-content\/uploads\/2016\/07\/forza-contro-covid-19-300x225.jpg\" alt=\"\" width=\"300\" height=\"225\" srcset=\"https:\/\/fonteverde.com\/wp-content\/uploads\/2016\/07\/forza-contro-covid-19-300x225.jpg 300w, https:\/\/fonteverde.com\/wp-content\/uploads\/2016\/07\/forza-contro-covid-19-768x576.jpg 768w, https:\/\/fonteverde.com\/wp-content\/uploads\/2016\/07\/forza-contro-covid-19-1024x768.jpg 1024w, https:\/\/fonteverde.com\/wp-content\/uploads\/2016\/07\/forza-contro-covid-19-1200x900.jpg 1200w, https:\/\/fonteverde.com\/wp-content\/uploads\/2016\/07\/forza-contro-covid-19.jpg 1600w\" sizes=\"(max-width: 300px) 85vw, 300px\" \/><\/p>\n<p><iframe width=\"840\" height=\"473\" src=\"https:\/\/www.youtube.com\/embed\/4LjKCwqr3Bk?feature=oembed\" frameborder=\"0\" allow=\"accelerometer; autoplay; clipboard-write; encrypted-media; gyroscope; picture-in-picture\" allowfullscreen><\/iframe><\/p>\n<p><iframe width=\"840\" height=\"473\" src=\"https:\/\/www.youtube.com\/embed\/yYnXvOvFF9I?feature=oembed\" frameborder=\"0\" allow=\"accelerometer; autoplay; clipboard-write; encrypted-media; gyroscope; picture-in-picture\" allowfullscreen><\/iframe><\/p>\n<h2><span class=\"s1\">MIT WELCHEN INITIATIVEN SIND WIR BESCH\u00c4FTIGT<\/span><\/h2>\n<p class=\"p1\"><span class=\"s1\"><iframe src=\"https:\/\/www.youtube.com\/embed\/FPmRdXpFrcQ\" width=\"533\" height=\"300\" frameborder=\"0\" allowfullscreen=\"allowfullscreen\"><\/iframe><\/span><\/p>\n<p class=\"p1\">Das Konsortium ist in der F\u00f6rderung von Initiativen t\u00e4tig sowie in der Teilnahme an Initiativen, welche die Werte, die Produkte und das Gebiet widerspiegeln.<\/p>\n<ul>\n<li>Teilnahme an <span class=\"green-span\"><span class=\"green-span\">Carotispica (Das Volksfest der Karotte<\/span><\/span><span class=\"green-span\">)<\/span><\/li>\n<li>Teilnahme an <span class=\"green-span\">CONSORZIO CAROTA NOVELLA di Ispica IGP<\/span><\/li>\n<li>Teilnahme an projekt\u00a0Fondimpresa <span class=\"green-span\">L\u2019ECONOMIA DEI DUE ANGOLI<\/span><\/li>\n<li>Teilnahme an <a href=\"https:\/\/www.youtube.com\/watch?v=4LjKCwqr3Bk\" target=\"_blank\" rel=\"noopener\"><span class=\"green-span\">EXPO 2015<\/span><\/a><\/li>\n<li>Teilnahme an das Projekt\u00a0<span class=\"green-span\">L\u2019ORTOFRUTTA E LO SPORT<\/span> fornitore ufficiale FIDAL<\/li>\n<li>Teilnahme\u00a0<span class=\"green-span\">ITALIA ORTOFRUTTA UNIONE NAZIONALE<\/span><\/li>\n<li>Partner projekt\u00a0<span class=\"green-span\">VIVIANA L\u2019UVA ITALIANA<\/span><\/li>\n<li>Teilnahme\u00a0<span class=\"green-span\">GAL TERRA BAROCCA<\/span><\/li>\n<\/ul>\n","protected":false},"excerpt":{"rendered":"<p>Sicherheitsma\u00dfnahmen zur Bek\u00e4mpfung des Corona-Virus. An erster Stelle gilt es die Gesundheit der Angestellten zu gew\u00e4hrleisten. LIDL &#8211; Dankschreiben f\u00fcr den Einsatz in der Coronavirus-Krise MIT WELCHEN INITIATIVEN SIND WIR BESCH\u00c4FTIGT Das Konsortium ist in der F\u00f6rderung von Initiativen t\u00e4tig sowie in der Teilnahme an Initiativen, welche die Werte, die Produkte und das Gebiet widerspiegeln. &hellip; <a href=\"https:\/\/fonteverde.com\/de\/iniziative\/\" class=\"more-link\">Continue reading<span class=\"screen-reader-text\"> &#8220;Initiativen&#8221;<\/span><\/a><\/p>\n","protected":false},"author":1,"featured_media":40,"parent":0,"menu_order":0,"comment_status":"closed","ping_status":"closed","template":"","meta":[],"_links":{"self":[{"href":"https:\/\/fonteverde.com\/de\/wp-json\/wp\/v2\/pages\/552"}],"collection":[{"href":"https:\/\/fonteverde.com\/de\/wp-json\/wp\/v2\/pages"}],"about":[{"href":"https:\/\/fonteverde.com\/de\/wp-json\/wp\/v2\/types\/page"}],"author":[{"embeddable":true,"href":"https:\/\/fonteverde.com\/de\/wp-json\/wp\/v2\/users\/1"}],"replies":[{"embeddable":true,"href":"https:\/\/fonteverde.com\/de\/wp-json\/wp\/v2\/comments?post=552"}],"version-history":[{"count":23,"href":"https:\/\/fonteverde.com\/de\/wp-json\/wp\/v2\/pages\/552\/revisions"}],"predecessor-version":[{"id":663,"href":"https:\/\/fonteverde.com\/de\/wp-json\/wp\/v2\/pages\/552\/revisions\/663"}],"wp:featuredmedia":[{"embeddable":true,"href":"https:\/\/fonteverde.com\/de\/wp-json\/wp\/v2\/media\/40"}],"wp:attachment":[{"href":"https:\/\/fonteverde.com\/de\/wp-json\/wp\/v2\/media?parent=552"}],"curies":[{"name":"wp","href":"https:\/\/api.w.org\/{rel}","templated":true}]}}

<h1><img loading="lazy" class="wp-image-947 aligncenter" src="https://fonteverde.com/wp-content/uploads/2016/07/banner-300x33.gif" alt="" width="427" height="47" srcset="https://fonteverde.com/wp-content/uploads/2016/07/banner-300x33.gif 300w, https://fonteverde.com/wp-content/uploads/2016/07/banner-768x85.gif 768w" sizes="(max-width: 427px) 85vw, 427px" /></h1>
<p><img loading="lazy" class="wp-image-815 aligncenter" src="https://fonteverde.com/wp-content/uploads/2018/02/Fidal-300x200.jpg" alt="" width="197" height="131" srcset="https://fonteverde.com/wp-content/uploads/2018/02/Fidal-300x200.jpg 300w, https://fonteverde.com/wp-content/uploads/2018/02/Fidal-768x512.jpg 768w, https://fonteverde.com/wp-content/uploads/2018/02/Fidal-1024x682.jpg 1024w, https://fonteverde.com/wp-content/uploads/2018/02/Fidal-1200x800.jpg 1200w, https://fonteverde.com/wp-content/uploads/2018/02/Fidal.jpg 1772w" sizes="(max-width: 197px) 85vw, 197px" /></p>
<h1 style="text-align: center;">Sicherheitsmaßnahmen zur Bekämpfung des Corona-Virus. An erster Stelle gilt es die Gesundheit der Angestellten zu gewährleisten.</h1>
<p><img loading="lazy" class="alignnone size-medium wp-image-984" src="https://fonteverde.com/wp-content/uploads/2016/07/misure-covid-19-300x225.jpg" alt="" width="300" height="225" srcset="https://fonteverde.com/wp-content/uploads/2016/07/misure-covid-19-300x225.jpg 300w, https://fonteverde.com/wp-content/uploads/2016/07/misure-covid-19-768x576.jpg 768w, https://fonteverde.com/wp-content/uploads/2016/07/misure-covid-19.jpg 1024w" sizes="(max-width: 300px) 85vw, 300px" /><img loading="lazy" class="size-medium wp-image-985 alignright" src="https://fonteverde.com/wp-content/uploads/2016/07/misure-precauz.-covid-19-300x225.jpg" alt="" width="300" height="225" srcset="https://fonteverde.com/wp-content/uploads/2016/07/misure-precauz.-covid-19-300x225.jpg 300w, https://fonteverde.com/wp-content/uploads/2016/07/misure-precauz.-covid-19-768x576.jpg 768w, https://fonteverde.com/wp-content/uploads/2016/07/misure-precauz.-covid-19.jpg 1024w" sizes="(max-width: 300px) 85vw, 300px" /></p>
<p><img loading="lazy" class="size-medium wp-image-1026 alignleft" src="https://fonteverde.com/wp-content/uploads/2016/07/PHOTO-2020-11-13-16-27-181-300x225.jpg" alt="" width="300" height="225" srcset="https://fonteverde.com/wp-content/uploads/2016/07/PHOTO-2020-11-13-16-27-181-300x225.jpg 300w, https://fonteverde.com/wp-content/uploads/2016/07/PHOTO-2020-11-13-16-27-181-768x576.jpg 768w, https://fonteverde.com/wp-content/uploads/2016/07/PHOTO-2020-11-13-16-27-181.jpg 1024w" sizes="(max-width: 300px) 85vw, 300px" /><img loading="lazy" class="size-medium wp-image-1027 alignright" src="https://fonteverde.com/wp-content/uploads/2016/07/PHOTO-2020-11-13-16-27-19-300x243.jpg" alt="" width="300" height="243" srcset="https://fonteverde.com/wp-content/uploads/2016/07/PHOTO-2020-11-13-16-27-19-300x243.jpg 300w, https://fonteverde.com/wp-content/uploads/2016/07/PHOTO-2020-11-13-16-27-19-768x622.jpg 768w, https://fonteverde.com/wp-content/uploads/2016/07/PHOTO-2020-11-13-16-27-19.jpg 860w" sizes="(max-width: 300px) 85vw, 300px" /></p>
<h1 style="text-align: center;"><a href="https://fonteverde.com/wp-content/uploads/2016/07/Dankschreiben-für-den-Einsatz-in-der-Coronavirus-Krise.pdf">LIDL &#8211; Dankschreiben für den Einsatz in der Coronavirus-Krise</a></h1>
<p><img loading="lazy" class="alignnone size-medium wp-image-978" src="https://fonteverde.com/wp-content/uploads/2016/07/forza-contro-covid-19-300x225.jpg" alt="" width="300" height="225" srcset="https://fonteverde.com/wp-content/uploads/2016/07/forza-contro-covid-19-300x225.jpg 300w, https://fonteverde.com/wp-content/uploads/2016/07/forza-contro-covid-19-768x576.jpg 768w, https://fonteverde.com/wp-content/uploads/2016/07/forza-contro-covid-19-1024x768.jpg 1024w, https://fonteverde.com/wp-content/uploads/2016/07/forza-contro-covid-19-1200x900.jpg 1200w, https://fonteverde.com/wp-content/uploads/2016/07/forza-contro-covid-19.jpg 1600w" sizes="(max-width: 300px) 85vw, 300px" /></p>
<p><iframe width="840" height="473" src="https://www.youtube.com/embed/4LjKCwqr3Bk?feature=oembed" frameborder="0" allow="accelerometer; autoplay; clipboard-write; encrypted-media; gyroscope; picture-in-picture" allowfullscreen></iframe></p>
<p><iframe width="840" height="473" src="https://www.youtube.com/embed/yYnXvOvFF9I?feature=oembed" frameborder="0" allow="accelerometer; autoplay; clipboard-write; encrypted-media; gyroscope; picture-in-picture" allowfullscreen></iframe></p>
<h2><span class="s1">MIT WELCHEN INITIATIVEN SIND WIR BESCHÄFTIGT</span></h2>
<p class="p1"><span class="s1"><iframe src="https://www.youtube.com/embed/FPmRdXpFrcQ" width="533" height="300" frameborder="0" allowfullscreen="allowfullscreen"></iframe></span></p>
<p class="p1">Das Konsortium ist in der Förderung von Initiativen tätig sowie in der Teilnahme an Initiativen, welche die Werte, die Produkte und das Gebiet widerspiegeln.</p>
<ul>
<li>Teilnahme an <span class="green-span"><span class="green-span">Carotispica (Das Volksfest der Karotte</span></span><span class="green-span">)</span></li>
<li>Teilnahme an <span class="green-span">CONSORZIO CAROTA NOVELLA di Ispica IGP</span></li>
<li>Teilnahme an projekt Fondimpresa <span class="green-span">L’ECONOMIA DEI DUE ANGOLI</span></li>
<li>Teilnahme an <a href="https://www.youtube.com/watch?v=4LjKCwqr3Bk" target="_blank" rel="noopener"><span class="green-span">EXPO 2015</span></a></li>
<li>Teilnahme an das Projekt <span class="green-span">L’ORTOFRUTTA E LO SPORT</span> fornitore ufficiale FIDAL</li>
<li>Teilnahme <span class="green-span">ITALIA ORTOFRUTTA UNIONE NAZIONALE</span></li>
<li>Partner projekt <span class="green-span">VIVIANA L’UVA ITALIANA</span></li>
<li>Teilnahme <span class="green-span">GAL TERRA BAROCCA</span></li>
</ul>

<p>Sicherheitsmaßnahmen zur Bekämpfung des Corona-Virus. An erster Stelle gilt es die Gesundheit der Angestellten zu gewährleisten. LIDL &#8211; Dankschreiben für den Einsatz in der Coronavirus-Krise MIT WELCHEN INITIATIVEN SIND WIR BESCHÄFTIGT Das Konsortium ist in der Förderung von Initiativen tätig sowie in der Teilnahme an Initiativen, welche die Werte, die Produkte und das Gebiet widerspiegeln. &hellip; <a href="https://fonteverde.com/de/iniziative/" class="more-link">Continue reading<span class="screen-reader-text"> &#8220;Initiativen&#8221;</span></a></p>
